s the units digit of a/(-9)*9/(-3)?
4
Let i(q) be the first derivative of q**3/3 + 3*q**2/2 - 2*q - 2. Let k be i(-3). Let j = k + 4. What is the units digit of j?
2
Suppose -127 = -6*k + 191. What is the tens digit of k?
5
Let k = -10 - -11. Let z(x) = 7*x**3 + 3*x - 2. What is the units digit of z(k)?
8
Suppose 2*f - 167 = 47. Let m = -70 + f. What is the tens digit of m?
3
What is the tens digit of 2/(-7) - (-536)/14?
3
Let g = -4 - -9. Suppose 2*r + 5*i = -3*r + 65, -g*r - i = -77. What is the units digit of r?
6
Let g = -1 - -1. Suppose 12 = 3*i - 0*i. Suppose i*r = -g*r + 24. What is the units digit of r?
6
Let b = 6 + -10. Suppose 3*l - l = 14. Let z = l - b. What is the units digit of z?
1
Let j = 42 - 25. What is the units digit of j?
7
Let s(n) = -n**3 - 3*n**2 + 5*n + 6. Let u(i) = -i**3 - 9*i**2 + 11*i + 6. Let b be u(-10). Let w be s(b). Let m = 5 - w. What is the units digit of m?
3
Suppose 3*b + d = 281, -d + 382 = 4*b + 4*d. What is the tens digit of b?
9
Let a = 5 - 5. Let q(f) = 2*f**2 - 7*f - 3. Let o(p) = p**2 - 3*p - 2. Let n(c) = -5*o(c) + 2*q(c). What is the units digit of n(a)?
4
Let f be 4/(-6)*3/(-2). Let x be 0/f + (5 - 0). Suppose -3*h + 7 = 4*j + 1, 0 = x*h + j - 10. What is the units digit of h?
2
Suppose -2*h = 3*h - 25. Suppose -s + 2*s - 26 = -2*k, -h*s = k - 157. What is the tens digit of s?
3
Let u(c) be the third derivative of c**4/2 - 11*c**3/6 - 9*c**2. What is the tens digit of u(5)?
4
Let x(w) = -w + 4. What is the units digit of x(-4)?
8
Suppose -2*x = -2*s + 4, s - x - 14 = -3*s. Let d = s - -13. What is the units digit of d?
7
Let o(n) = -30*n + 10. Let q(t) = -10*t + 3. Let g(f) = 2*o(f) - 7*q(f). What is the tens digit of g(2)?
1
Suppose v = 2 + 3. Let p be ((-3)/15)/(-1)*v. What is the tens digit of (p - -2)*20/6?
1
Let z(x) = -3*x**2 - 7*x + 5. Let m(y) = 4*y**2 + 10*y - 7. Let k(t) = -5*m(t) - 7*z(t). Let g be -2 - (-2)/(4/2). What is the units digit of k(g)?
2
Let v = 3 - 10. Let n = v + 11. Suppose 0*p - 20 = -n*p. What is the units digit of p?
5
Suppose -7*m + 888 = -m. What is the tens digit of m?
4
Let w(x) = x**3 + 3*x**2 - 7*x - 2. What is the tens digit of w(-4)?
1
Suppose 2*z - 61 = -4*q + 29, 0 = -z + 5. What is the tens digit of q?
2
Let v = 5 + -6. Let a(u) = 3*u**2 + u. Let x be a(v). Suppose -x*f + 2 = -2. What is the units digit of f?
2
Let f = 10 + -10. Let a = 3 + f. Suppose -4*x = a*w - 11, -2*x = -5*w - 0*x + 1. What is the units digit of w?
1
Let r(h) = -h + 1. Let v be r(2). What is the units digit of v*(-6)/3*2?
4
Let v(b) = 3*b + 6. Let x be v(7). Let w = -9 + x. What is the units digit of w?
8
Suppose 3*w + 3 = 0, -w = 3*c + 2*w - 15. Suppose -3*k - 33 = -c. What is the tens digit of (-171)/6*6/k?
1
Suppose 5*i = u + 421, -3*i - 3*u = -i - 182. What is the tens digit of i?
8
Let m be (-12)/(-4)*10/6. Suppose m*w + 4 = 29. What is the units digit of w?
5
Let o = 0 - -9. What is the units digit of o?
9
Let a(d) = 13*d - 9. What is the tens digit of a(3)?
3
Let j = 519 - 275. What is the tens digit of j?
4
Let v = 117 - 77. Suppose -2*w + 6*w = v. What is the tens digit of w?
1
Let g(w) = 45*w**3 - 1. Let b be g(1). What is the units digit of (7/4)/(11/b)?
7
Let n(i) = -17*i + 1. Let h = 6 + -6. Suppose r + 4*y - 3 = h, 5*r - 1 + 11 = 5*y. What is the tens digit of n(r)?
1
Suppose 3*s = -2*s. Suppose 0 = -2*w - s*w + 4. What is the units digit of w?
2
Let v(b) = -19*b + 4. What is the tens digit of v(-2)?
4
Let f(h) = -h**3 - 4*h**2 - 2*h. Let w be f(-2). What is the tens digit of (-2 - 30/w)*8?
4
Let y = -6 - -6. Suppose y = r - 1 - 4. Suppose 2*b - 55 = -4*g + 5*b, 0 = g + b - r. What is the units digit of g?
0
What is the hundreds digit of -119*(4 + 2 - 9)?
3
Let l be (0 - (2 + 1)) + 5. Suppose -l*f = 3*f, 5*f = -4*w + 40. What is the units digit of w?
0
Let k be ((-5)/(-2))/(7/(-14)). Let f be 8/(-10)*k/2. Suppose 0 = 2*q - 2*s - 10, f*q - 10 = -3*s + 5. What is the units digit of q?
6
What is the hundreds digit of 149 + (-2)/(-3 - -5)?
1
Let m be (-3 + -8)*1/(-1). What is the units digit of 9 - m - (0 - 22)?
0
Let c(j) = -j**2 - 10*j - 4. Let n be c(-8). Suppose -2 = f + n. Let m = -6 - f. What is the units digit of m?
8
Suppose t = 3*n - 134, 2*t - 7*t + 18 = n. What is the tens digit of n?
4
Let c(f) = f**2 + 4*f + 14 + f**2 - 3*f - 3*f**2. What is the units digit of c(0)?
4
Suppose 4*p = 8 - 0. Suppose 5*n - 5*g = 195, 3*g + 153 = p*n + 2*n. What is the tens digit of n?
3
Let s = 1 - 7. Let n = s - -12. What is the units digit of n?
6
Let z(s) = s**2 - 5*s. Let r be z(7). Suppose -3*l - 5*t = -11, 3*l - 8*l = 4*t - r. What is the units digit of l?
2
Let u = 133 - 65. What is the units digit of u?
8
Let x(f) = f**2 + 13*f + 3. Let h be x(-13). Suppose h*m + 0*m - 15 = 0. What is the units digit of m?
5
Let s(b) = -3*b - 4. Let u(x) = 13*x + 15. Let i(k) = 18*s(k) + 4*u(k). What is the units digit of i(-8)?
4
Suppose 1 = 4*f + 5. Let h = 5 + f. Let u(g) = g - 3. What is the units digit of u(h)?
1
Suppose -3 = -r + 33. What is the units digit of r?
6
Let v be (-620)/(-45) + 2/9. Let x be ((v - -1)/(-3))/1. Let l(r) = r**2 + 6*r + 6. What is the units digit of l(x)?
1
Suppose 34 = 5*i - 2*v + 5*v, 6 = -3*v. Suppose -f - 13 = 3*x - 5, -4*f - 4*x = i. Let l = 2 - f. What is the units digit of l?
1
Suppose 0*a = 2*a - 6, 4*a = -3*u + 21. Suppose 0 = u*z - 4*z - 14. Let h = -2 - z. What is the tens digit of h?
1
Let u(a) = a**3 + 13*a**2 + 2*a + 15. Suppose -4*l - 5 = l. Let r(s) = -s**2 + s - 1. Let t(p) = l*u(p) - 6*r(p). What is the units digit of t(-6)?
3
Let f = -182 + 273. What is the tens digit of f?
9
Let g = 253 - 110. What is the tens digit of g?
4
Suppose 5*c - 1 = 84. Let i be (12/10)/((-1)/(-10)). Let j = c - i. What is the units digit of j?
5
Let g = 194 + -99. What is the units digit of g?
5
Suppose -8*s = -3*s - 30. What is the units digit of (-1 + s)*(-8)/(-20)?
2
Suppose 2*l - 4*c - 236 = -6*c, -l + 112 = 4*c. What is the tens digit of l?
2
Let t be (5/(-3))/((-3)/9). Suppose 40 = t*k - 100. What is the units digit of k?
8
Let h = 2 - 2. Let t = -12 + 14. Suppose -t*l + 5*u + 35 - 8 = h, -4*u + 12 = 4*l. What is the units digit of l?
6
Let c = 6 - 0. Suppose 0 = -2*l + c + 4. Suppose -3*o = a + a - 47, -a - l*o + 41 = 0. What is the tens digit of a?
1
Let g = 532 + -336. What is the tens digit of g?
9
Let b(m) = m**2. Let v be b(-6). Suppose 0 = -4*h - 4 + v. What is the units digit of h?
8
Let o = -9 - -3. Let j(t) = 3*t + 19. What is the units digit of j(o)?
1
Suppose 7*z = z + 672. What is the units digit of z?
2
Suppose -4*f + 0*t - 2*t = -12, 3*f - 6 = -3*t. Suppose -f*u = -0*u - 36. What is the units digit of u?
9
Let d(l) = l**3 + 7*l**2 - 12*l - 9. What is the tens digit of d(-8)?
2
Let s = 186 - 101. What is the units digit of s?
5
Let s(a) = -a**3 - a**2 + a + 1. Let h be s(-1). Suppose h*u - 3 = -3*u. Let t = 6 + u. What is the units digit of t?
7
Suppose w - 537 = -2*w. What is the hundreds digit of w?
1
Let i(j) = j**3 + 4*j**2 + 3. Let u be i(-4). Let c be ((-6)/5)/(3/(-10)). What is the units digit of 1/u*(c + 35)?
3
Let u = 68 + -42. What is the units digit of u?
6
What is the units digit of (-20)/15*18/(-4)?
6
Let h be 6 + -5 - (0 + -49). Let l = h + -10. What is the units digit of l?
0
Let f = 38 + -24. What is the units digit of f?
4
Let v(b) = -b**3 - 4*b**2 + 4. Let h be v(-4). What is the tens digit of (-22)/(-1)*2/h?
1
Let g = 41 + -2. What is the units digit of g?
9
Suppose l + 4*f = 2*f + 34, 0 = -l - f + 30. What is the units digit of l?
6
Suppose 2*u - 5*c = -5 + 77, 3*u + c - 125 = 0. What is the tens digit of u?
4
Suppose 3*r - 3*z + 236 = 701, 0 = r + z - 157. What is the hundreds digit of r?
1
Suppose -3*b + 2*b = 2*l, 0 = -4*b. Suppose l = 4*i - 16 - 24. Let f = i + -7. What is the units digit of f?
3
Suppose -n + 2*n - 3 = 0. Suppose -x + n*x = 124. Suppose -12 = -4*m - 4*a, -5*m + x = -5*a - 3. What is the units digit of m?
8
Suppose 2*b = b + 5. Suppose b*m + 13 = -3*q, 2*q + 20 = -5*m + 3. What is the units digit of q?
4
Suppose -5*j + 3 = -2*v - v, 4*v = 2*j + 10. Suppose 5*y - 6 = j*y. What is the units digit of y?
3
Suppose -u - 1 = -3. Suppose -u*o = -7*o + 25. What is the units digit of o?
5
What is the tens digi